{"id":7484,"date":"2022-08-03T16:45:35","date_gmt":"2022-08-03T19:45:35","guid":{"rendered":"https:\/\/www.fsfx.com.br\/usisaude\/?page_id=7484"},"modified":"2024-12-12T15:39:10","modified_gmt":"2024-12-12T18:39:10","slug":"reemissao-boleto","status":"publish","type":"page","link":"https:\/\/www.fsfx.com.br\/usisaude\/reemissao-boleto\/","title":{"rendered":"Reemiss\u00e3o de Boletos"},"content":{"rendered":"\t\t<div data-elementor-type=\"wp-page\" data-elementor-id=\"7484\" class=\"elementor elementor-7484\" data-elementor-post-type=\"page\">\n\t\t\t\t<div class=\"elementor-element elementor-element-2180617 e-flex e-con-boxed e-con e-parent\" data-id=\"2180617\" data-element_type=\"container\" data-settings=\"{&quot;background_background&quot;:&quot;classic&quot;,&quot;jet_parallax_layout_list&quot;:[]}\">\n\t\t\t\t\t<div class=\"e-con-inner\">\n\t\t<div class=\"elementor-element elementor-element-a985fce e-con-full e-flex e-con e-child\" data-id=\"a985fce\" data-element_type=\"container\" data-settings=\"{&quot;jet_parallax_layout_list&quot;:[]}\">\n\t\t\t\t<div class=\"elementor-element elementor-element-b3f337d elementor-widget elementor-widget-html\" data-id=\"b3f337d\" data-element_type=\"widget\" data-widget_type=\"html.default\">\n\t\t\t\t<div class=\"elementor-widget-container\">\n\t\t\t\t\t<div id=\"process\"><\/div>\r\n\r\n<form name=\"RegFormHealth\" id=\"health\">\r\n  <select name=\"empresa\" class=\"form-control empresa\" id=\"empresa\" required>\r\n    <option value=\"\">Empresa<\/option>\r\n    <option value=\"usiminas\">Usiminas<\/option>\r\n    <option value=\"mineracao\">Minera\u00e7\u00e3o<\/option>\r\n    <option value=\"unigal\">Unigal<\/option>\r\n    <option value=\"mecanica\">Mec\u00e2nica<\/option>\r\n  <\/select>\r\n  <input type=\"text\" class=\"form-control cpf\" name=\"cpf\" id=\"cpf\" placeholder=\"CPF\" maxlength=\"14\" required>\r\n  <button type=\"button\" class=\"btn_boleto\" id=\"enviarFomr\">Enviar<\/button>\r\n<\/form>\r\n\r\n<div id=\"return\"><\/div>\r\n\r\n<style>\r\n  input#btn_boleto {\r\n    background: green;\r\n    margin-top: 20px;\r\n  }\r\n<\/style>\r\n\r\n<!-- Inclua o jQuery primeiro -->\r\n<script src=\"https:\/\/code.jquery.com\/jquery-3.6.0.min.js\"><\/script>\r\n\r\n<!-- Inclua o jQuery Mask Plugin -->\r\n<script src=\"https:\/\/cdnjs.cloudflare.com\/ajax\/libs\/jquery.mask\/1.14.16\/jquery.mask.min.js\"><\/script>\r\n\r\n<script>\r\n$(document).ready(function() {\r\n    \/\/ Aplica a m\u00e1scara ao campo CPF\r\n    $('#cpf').mask('000.000.000-00', {reverse: true});\r\n\r\n    $(\"#enviarFomr\").on('click', function(e) {\r\n        var empresa = $('#empresa').val();\r\n        var cpf = $('#cpf').val();\r\n\r\n        valid = true;\r\n\r\n        if (valid && empresa == '') {\r\n            alert(\"Selecione a empresa\");\r\n            valid = false;\r\n        }\r\n\r\n        if (valid && cpf == '') {\r\n            alert(\"Digite o CPF\");\r\n            valid = false;\r\n        }\r\n\r\n        if (valid == true) {\r\n            $.ajax({\r\n                type: \"POST\",\r\n                url: 'https:\/\/www.fsfx.com.br\/wp-content\/themes\/fsfx\/send-data-health-plan.php',\r\n                async: true,\r\n                dataType: \"html\",\r\n                data: {'empresa': empresa, 'cpf': cpf},\r\n                success: function(data, status, jqXHR) {\r\n                    $('#return').html(data);\r\n                },\r\n                beforeSend: function() {\r\n                    $('#box-form').hide();\r\n                    $(\"#process\").text(\"Processando ...\");\r\n                },\r\n                complete: function() {\r\n                    $('#process').hide();\r\n                }\r\n            });\r\n        }\r\n    });\r\n});\r\n<\/script>\t\t\t\t<\/div>\n\t\t\t\t<\/div>\n\t\t\t\t<div class=\"elementor-element elementor-element-7da2ee8 elementor-widget elementor-widget-heading\" data-id=\"7da2ee8\" data-element_type=\"widget\" data-widget_type=\"heading.default\">\n\t\t\t\t<div class=\"elementor-widget-container\">\n\t\t\t\t\t<p class=\"elementor-heading-title elementor-size-default\">Em caso de d\u00favidas, entre em contato com a Central de Atendimento do RH Usiminas - Tel: <a href=\"tel:3121365858\">+55 31 2136-5858<\/a> \/ <a href=\"mailto:rhatendimento@usiminas.com\">rhatendimento@usiminas.com<\/a><\/p>\t\t\t\t<\/div>\n\t\t\t\t<\/div>\n\t\t\t\t<\/div>\n\t\t\t\t\t<\/div>\n\t\t\t\t<\/div>\n\t\t\t\t<\/div>\n\t\t","protected":false},"excerpt":{"rendered":"<p>EmpresaUsiminasMinera\u00e7\u00e3oUnigalMec\u00e2nica Enviar Em caso de d\u00favidas, entre em contato com a Central de Atendimento do RH Usiminas &#8211; Tel: +55 31 2136-5858 \/ rhatendimento@usiminas.com<\/p>\n","protected":false},"author":2,"featured_media":0,"parent":0,"menu_order":0,"comment_status":"closed","ping_status":"closed","template":"","meta":{"_acf_changed":false,"site-sidebar-layout":"no-sidebar","site-content-layout":"page-builder","ast-site-content-layout":"default","site-content-style":"default","site-sidebar-style":"default","ast-global-header-display":"","ast-banner-title-visibility":"","ast-main-header-display":"","ast-hfb-above-header-display":"","ast-hfb-below-header-display":"","ast-hfb-mobile-header-display":"","site-post-title":"disabled","ast-breadcrumbs-content":"","ast-featured-img":"disabled","footer-sml-layout":"","theme-transparent-header-meta":"default","adv-header-id-meta":"","stick-header-meta":"","header-above-stick-meta":"","header-main-stick-meta":"","header-below-stick-meta":"","astra-migrate-meta-layouts":"default","ast-page-background-enabled":"default","ast-page-background-meta":{"desktop":{"background-color":"var(--ast-global-color-4)","background-image":"","background-repeat":"repeat","background-position":"center center","background-size":"auto","background-attachment":"scroll","background-type":"","background-media":"","overlay-type":"","overlay-color":"","overlay-opacity":"","overlay-gradient":""},"tablet":{"background-color":"","background-image":"","background-repeat":"repeat","background-position":"center center","background-size":"auto","background-attachment":"scroll","background-type":"","background-media":"","overlay-type":"","overlay-color":"","overlay-opacity":"","overlay-gradient":""},"mobile":{"background-color":"","background-image":"","background-repeat":"repeat","background-position":"center center","background-size":"auto","background-attachment":"scroll","background-type":"","background-media":"","overlay-type":"","overlay-color":"","overlay-opacity":"","overlay-gradient":""}},"ast-content-background-meta":{"desktop":{"background-color":"var(--ast-global-color-5)","background-image":"","background-repeat":"repeat","background-position":"center center","background-size":"auto","background-attachment":"scroll","background-type":"","background-media":"","overlay-type":"","overlay-color":"","overlay-opacity":"","overlay-gradient":""},"tablet":{"background-color":"var(--ast-global-color-5)","background-image":"","background-repeat":"repeat","background-position":"center center","background-size":"auto","background-attachment":"scroll","background-type":"","background-media":"","overlay-type":"","overlay-color":"","overlay-opacity":"","overlay-gradient":""},"mobile":{"background-color":"var(--ast-global-color-5)","background-image":"","background-repeat":"repeat","background-position":"center center","background-size":"auto","background-attachment":"scroll","background-type":"","background-media":"","overlay-type":"","overlay-color":"","overlay-opacity":"","overlay-gradient":""}},"footnotes":""},"class_list":["post-7484","page","type-page","status-publish","hentry"],"acf":[],"yoast_head":"<!-- This site is optimized with the Yoast SEO plugin v26.9 - https:\/\/yoast.com\/product\/yoast-seo-wordpress\/ -->\n<title>Reemiss\u00e3o de Boletos - Usisa\u00fade<\/title>\n<meta name=\"robots\" content=\"index, follow, max-snippet:-1, max-image-preview:large, max-video-preview:-1\" \/>\n<link rel=\"canonical\" href=\"https:\/\/www.fsfx.com.br\/usisaude\/reemissao-boleto\/\" \/>\n<meta property=\"og:locale\" content=\"pt_BR\" \/>\n<meta property=\"og:type\" content=\"article\" \/>\n<meta property=\"og:title\" content=\"Reemiss\u00e3o de Boletos - Usisa\u00fade\" \/>\n<meta property=\"og:description\" content=\"EmpresaUsiminasMinera\u00e7\u00e3oUnigalMec\u00e2nica Enviar Em caso de d\u00favidas, entre em contato com a Central de Atendimento do RH Usiminas &#8211; Tel: +55 31 2136-5858 \/ rhatendimento@usiminas.com\" \/>\n<meta property=\"og:url\" content=\"https:\/\/www.fsfx.com.br\/usisaude\/reemissao-boleto\/\" \/>\n<meta property=\"og:site_name\" content=\"Usisa\u00fade\" \/>\n<meta property=\"article:modified_time\" content=\"2024-12-12T18:39:10+00:00\" \/>\n<meta name=\"twitter:card\" content=\"summary_large_image\" \/>\n<meta name=\"twitter:label1\" content=\"Est. tempo de leitura\" \/>\n\t<meta name=\"twitter:data1\" content=\"1 minuto\" \/>\n<script type=\"application\/ld+json\" class=\"yoast-schema-graph\">{\"@context\":\"https:\/\/schema.org\",\"@graph\":[{\"@type\":\"WebPage\",\"@id\":\"https:\/\/www.fsfx.com.br\/usisaude\/reemissao-boleto\/\",\"url\":\"https:\/\/www.fsfx.com.br\/usisaude\/reemissao-boleto\/\",\"name\":\"Reemiss\u00e3o de Boletos - Usisa\u00fade\",\"isPartOf\":{\"@id\":\"https:\/\/www.fsfx.com.br\/usisaude\/#website\"},\"datePublished\":\"2022-08-03T19:45:35+00:00\",\"dateModified\":\"2024-12-12T18:39:10+00:00\",\"breadcrumb\":{\"@id\":\"https:\/\/www.fsfx.com.br\/usisaude\/reemissao-boleto\/#breadcrumb\"},\"inLanguage\":\"pt-BR\",\"potentialAction\":[{\"@type\":\"ReadAction\",\"target\":[\"https:\/\/www.fsfx.com.br\/usisaude\/reemissao-boleto\/\"]}]},{\"@type\":\"BreadcrumbList\",\"@id\":\"https:\/\/www.fsfx.com.br\/usisaude\/reemissao-boleto\/#breadcrumb\",\"itemListElement\":[{\"@type\":\"ListItem\",\"position\":1,\"name\":\"In\u00edcio\",\"item\":\"https:\/\/www.fsfx.com.br\/usisaude\/\"},{\"@type\":\"ListItem\",\"position\":2,\"name\":\"Reemiss\u00e3o de Boletos\"}]},{\"@type\":\"WebSite\",\"@id\":\"https:\/\/www.fsfx.com.br\/usisaude\/#website\",\"url\":\"https:\/\/www.fsfx.com.br\/usisaude\/\",\"name\":\"Usisa\u00fade\",\"description\":\"Somos a Usisa\u00fade, uma operadora de planos de sa\u00fade da Funda\u00e7\u00e3o S\u00e3o Francisco Xavier (FSFX), a maior em modalidade filantr\u00f3pica do pa\u00eds.\",\"publisher\":{\"@id\":\"https:\/\/www.fsfx.com.br\/usisaude\/#organization\"},\"potentialAction\":[{\"@type\":\"SearchAction\",\"target\":{\"@type\":\"EntryPoint\",\"urlTemplate\":\"https:\/\/www.fsfx.com.br\/usisaude\/?s={search_term_string}\"},\"query-input\":{\"@type\":\"PropertyValueSpecification\",\"valueRequired\":true,\"valueName\":\"search_term_string\"}}],\"inLanguage\":\"pt-BR\"},{\"@type\":\"Organization\",\"@id\":\"https:\/\/www.fsfx.com.br\/usisaude\/#organization\",\"name\":\"Usisa\u00fade\",\"url\":\"https:\/\/www.fsfx.com.br\/usisaude\/\",\"logo\":{\"@type\":\"ImageObject\",\"inLanguage\":\"pt-BR\",\"@id\":\"https:\/\/www.fsfx.com.br\/usisaude\/#\/schema\/logo\/image\/\",\"url\":\"https:\/\/www.fsfx.com.br\/usisaude\/wp-content\/uploads\/sites\/6\/2022\/03\/logo-ususaude-1.svg\",\"contentUrl\":\"https:\/\/www.fsfx.com.br\/usisaude\/wp-content\/uploads\/sites\/6\/2022\/03\/logo-ususaude-1.svg\",\"width\":445,\"height\":196,\"caption\":\"Usisa\u00fade\"},\"image\":{\"@id\":\"https:\/\/www.fsfx.com.br\/usisaude\/#\/schema\/logo\/image\/\"}}]}<\/script>\n<!-- \/ Yoast SEO plugin. -->","yoast_head_json":{"title":"Reemiss\u00e3o de Boletos - Usisa\u00fade","robots":{"index":"index","follow":"follow","max-snippet":"max-snippet:-1","max-image-preview":"max-image-preview:large","max-video-preview":"max-video-preview:-1"},"canonical":"https:\/\/www.fsfx.com.br\/usisaude\/reemissao-boleto\/","og_locale":"pt_BR","og_type":"article","og_title":"Reemiss\u00e3o de Boletos - Usisa\u00fade","og_description":"EmpresaUsiminasMinera\u00e7\u00e3oUnigalMec\u00e2nica Enviar Em caso de d\u00favidas, entre em contato com a Central de Atendimento do RH Usiminas &#8211; Tel: +55 31 2136-5858 \/ rhatendimento@usiminas.com","og_url":"https:\/\/www.fsfx.com.br\/usisaude\/reemissao-boleto\/","og_site_name":"Usisa\u00fade","article_modified_time":"2024-12-12T18:39:10+00:00","twitter_card":"summary_large_image","twitter_misc":{"Est. tempo de leitura":"1 minuto"},"schema":{"@context":"https:\/\/schema.org","@graph":[{"@type":"WebPage","@id":"https:\/\/www.fsfx.com.br\/usisaude\/reemissao-boleto\/","url":"https:\/\/www.fsfx.com.br\/usisaude\/reemissao-boleto\/","name":"Reemiss\u00e3o de Boletos - Usisa\u00fade","isPartOf":{"@id":"https:\/\/www.fsfx.com.br\/usisaude\/#website"},"datePublished":"2022-08-03T19:45:35+00:00","dateModified":"2024-12-12T18:39:10+00:00","breadcrumb":{"@id":"https:\/\/www.fsfx.com.br\/usisaude\/reemissao-boleto\/#breadcrumb"},"inLanguage":"pt-BR","potentialAction":[{"@type":"ReadAction","target":["https:\/\/www.fsfx.com.br\/usisaude\/reemissao-boleto\/"]}]},{"@type":"BreadcrumbList","@id":"https:\/\/www.fsfx.com.br\/usisaude\/reemissao-boleto\/#breadcrumb","itemListElement":[{"@type":"ListItem","position":1,"name":"In\u00edcio","item":"https:\/\/www.fsfx.com.br\/usisaude\/"},{"@type":"ListItem","position":2,"name":"Reemiss\u00e3o de Boletos"}]},{"@type":"WebSite","@id":"https:\/\/www.fsfx.com.br\/usisaude\/#website","url":"https:\/\/www.fsfx.com.br\/usisaude\/","name":"Usisa\u00fade","description":"Somos a Usisa\u00fade, uma operadora de planos de sa\u00fade da Funda\u00e7\u00e3o S\u00e3o Francisco Xavier (FSFX), a maior em modalidade filantr\u00f3pica do pa\u00eds.","publisher":{"@id":"https:\/\/www.fsfx.com.br\/usisaude\/#organization"},"potentialAction":[{"@type":"SearchAction","target":{"@type":"EntryPoint","urlTemplate":"https:\/\/www.fsfx.com.br\/usisaude\/?s={search_term_string}"},"query-input":{"@type":"PropertyValueSpecification","valueRequired":true,"valueName":"search_term_string"}}],"inLanguage":"pt-BR"},{"@type":"Organization","@id":"https:\/\/www.fsfx.com.br\/usisaude\/#organization","name":"Usisa\u00fade","url":"https:\/\/www.fsfx.com.br\/usisaude\/","logo":{"@type":"ImageObject","inLanguage":"pt-BR","@id":"https:\/\/www.fsfx.com.br\/usisaude\/#\/schema\/logo\/image\/","url":"https:\/\/www.fsfx.com.br\/usisaude\/wp-content\/uploads\/sites\/6\/2022\/03\/logo-ususaude-1.svg","contentUrl":"https:\/\/www.fsfx.com.br\/usisaude\/wp-content\/uploads\/sites\/6\/2022\/03\/logo-ususaude-1.svg","width":445,"height":196,"caption":"Usisa\u00fade"},"image":{"@id":"https:\/\/www.fsfx.com.br\/usisaude\/#\/schema\/logo\/image\/"}}]}},"_links":{"self":[{"href":"https:\/\/www.fsfx.com.br\/usisaude\/wp-json\/wp\/v2\/pages\/7484","targetHints":{"allow":["GET"]}}],"collection":[{"href":"https:\/\/www.fsfx.com.br\/usisaude\/wp-json\/wp\/v2\/pages"}],"about":[{"href":"https:\/\/www.fsfx.com.br\/usisaude\/wp-json\/wp\/v2\/types\/page"}],"author":[{"embeddable":true,"href":"https:\/\/www.fsfx.com.br\/usisaude\/wp-json\/wp\/v2\/users\/2"}],"replies":[{"embeddable":true,"href":"https:\/\/www.fsfx.com.br\/usisaude\/wp-json\/wp\/v2\/comments?post=7484"}],"version-history":[{"count":48,"href":"https:\/\/www.fsfx.com.br\/usisaude\/wp-json\/wp\/v2\/pages\/7484\/revisions"}],"predecessor-version":[{"id":11358,"href":"https:\/\/www.fsfx.com.br\/usisaude\/wp-json\/wp\/v2\/pages\/7484\/revisions\/11358"}],"wp:attachment":[{"href":"https:\/\/www.fsfx.com.br\/usisaude\/wp-json\/wp\/v2\/media?parent=7484"}],"curies":[{"name":"wp","href":"https:\/\/api.w.org\/{rel}","templated":true}]}}